79, 181
List the prime factors of 3566665.
5, 359, 1987
List the prime factors of 12623827.
2089, 6043
What are the prime factors of 3857688?
2, 3, 131, 409
What are the prime factors of 12096517?
41, 295037
What are the prime factors of 506657?
103, 4919
List the prime factors of 6429204.
2, 3, 271, 659
What are the prime factors of 1980972?
2, 3, 7, 1123
What are the prime factors of 376720?
2, 5, 17, 277
List the prime factors of 486617.
486617
What are the prime factors of 2281093?
2281093
What are the prime factors of 298822?
2, 149411
What are the prime factors of 302446?
2, 97, 1559
What are the prime factors of 567300?
2, 3, 5, 31, 61
What are the prime factors of 244287?
3, 27143
List the prime factors of 624758.
2, 19, 41, 401
What are the prime factors of 357088?
2, 11159
List the prime factors of 5382793.
13, 414061
List the prime factors of 1227389.
227, 5407
List the prime factors of 798689.
29, 27541
What are the prime factors of 1541650?
2, 5, 11, 2803
List the prime factors of 1884839.
11, 53, 61
What are the prime factors of 1310150?
2, 5, 26203
What are the prime factors of 125660?
2, 5, 61, 103
What are the prime factors of 508905?
3, 5, 43, 263
What are the prime factors of 196991?
196991
List the prime factors of 10950885.
3, 5, 11, 22123
What are the prime factors of 151949?
7, 443
List the prime factors of 1657103.
7, 236729
List the prime factors of 271785.
3, 5, 18119
What are the prime factors of 3506547?
3, 11, 59, 1801
List the prime factors of 851955.
3, 5, 13, 17, 257
What are the prime factors of 498150?
2, 3, 5, 41
List the prime factors of 615665.
5, 59, 2087
List the prime factors of 197990.
2, 5, 13, 1523
What are the prime factors of 65032?
2, 11, 739
What are the prime factors of 4934036?
2, 1233509
What are the prime factors of 169878?
2, 3, 23, 1231
What are the prime factors of 361428?
2, 3, 30119
What are the prime factors of 468232?
2, 107, 547
What are the prime factors of 1193489?
11, 108499
What are the prime factors of 26668983?
3, 11, 23, 41, 857
What are the prime factors of 1962443?
7, 37, 7577
What are the prime factors of 28800823?
28800823
What are the prime factors of 50896?
2, 3181
List the prime factors of 1992308.
2, 31, 16067
What are the prime factors of 3306120?
2, 3, 5, 27551
List the prime factors of 2469339.
3, 91457
List the prime factors of 8201886.
2, 3, 7, 11, 41, 433
List the prime factors of 1010240.
2, 5, 7, 11, 41
List the prime factors of 1091941.
89, 12269
What are the prime factors of 679060?
2, 5, 19, 1787
List the prime factors of 24948319.
11, 53, 42793
List the prime factors of 7802732.
2, 7, 191, 1459
What are the prime factors of 3693996?
2, 3, 102611
List the prime factors of 710457.
3, 11, 21529
What are the prime factors of 266867?
266867
List the prime factors of 115010.
2, 5, 7, 31, 53
What are the prime factors of 15112723?
41, 83, 4441
What are the prime factors of 3668132?
2, 13, 23, 3067
List the prime factors of 6408937.
149, 43013
What are the prime factors of 21356?
2, 19, 281
What are the prime factors of 35445?
3, 5, 17, 139
What are the prime factors of 9846112?
2, 307691
List the prime factors of 731421.
3, 181, 449
What are the prime factors of 1878355?
5, 47, 7993
List the prime factors of 2589604.
2, 647401
List the prime factors of 4602663.
3, 13, 31, 47
What are the prime factors of 34647?
3, 11549
What are the prime factors of 5462829?
3, 202327
What are the prime factors of 2839839?
3, 821, 1153
List the prime factors of 5116917.
3, 13, 131203
List the prime factors of 172900.
2, 5, 7, 13, 19
List the prime factors of 5403559.
7, 771937
List the prime factors of 22520497.
22520497
List the prime factors of 2136357.
3, 237373
List the prime factors of 379393.
7, 83, 653
List the prime factors of 1526.
2, 7, 109
List the prime factors of 388563.
3, 7, 18503
List the prime factors of 6955284.
2, 3, 7, 31, 2671
What are the prime factors of 903868?
2, 7, 19, 1699
What are the prime factors of 7430042?
2, 47, 79043
What are the prime factors of 7784377?
983, 7919
What are the prime factors of 455527?
455527
List the prime factors of 172241.
41, 4201
What are the prime factors of 8917685?
5, 7, 254791
What are the prime factors of 12179585?
5, 11, 221447
List the prime factors of 1215878.
2, 607939
List the prime factors of 756328.
2, 94541
What are the prime factors of 844563?
3, 43, 6547
What are the prime factors of 784238?
2, 7, 13, 31, 139
What are the prime factors of 396948?
2, 3, 19, 1741
What are the prime factors of 1382238?
2, 3, 11, 13, 179
What are the prime factors of 4319162?
2, 107, 20183
List the prime factors of 9115001.
7, 373, 3491
List the prime factors of 5676015.
3, 5, 378401
What are the prime factors of 386571?
3, 128857
List the prime factors of 33886731.
3, 11295577
List the prime factors of 3042908.
2, 11, 6287
List the prime factors of 8051420.
2, 5, 13, 173, 179
What are the prime factors of 739726?
2, 13, 23, 1237
What are the prime factors of 30563618?
2, 15281809
What are the prime factors of 11593157?
1229, 9433
What are the prime factors of 237388?
2, 17, 3491
List the prime factors of 736998.
2, 3, 122833
List the prime factors of 342450.
2, 3, 5, 761
List the prime factors of 61101.
3, 31, 73
List the prime factors of 276108.
2, 3, 7, 19, 173
List the prime factors of 325732.
2, 11, 673
List the prime factors of 4038568.
2, 504821
What are the prime factors of 191097?
3, 17, 1249
List the prime factors of 43914.
2, 3, 13, 563
What are the prime factors of 1181592?
2, 3, 16411
What are the prime factors of 125813?
125813
What are the prime factors of 11798381?
7, 1685483
What are the prime factors of 12148037?
11, 9127
List the prime factors of 18799803.
3, 11, 63299
What are the prime factors of 263630?
2, 5, 41, 643
What are the prime factors of 32780499?
3, 10926833
What are the prime factors of 18128431?
659, 27509
What are the prime factors of 2830911?
3, 943637
List the prime factors of 120744.
2, 3, 13, 43
What are the prime factors of 13900922?
2, 7, 992923
What are the prime factors of 23966414?
2, 23, 521009
What are the prime factors of 2594148?
2, 3, 216179
What are the prime factors of 133151?
47, 2833
What are the prime factors of 18411729?
3, 7, 876749
List the prime factors of 536289.
3, 13, 13751
List the prime factors of 911216.
2, 56951
What are the prime factors of 304548?
2, 3, 41, 619
What are the prime factors of 2852679?
3, 19, 50047
List the prime factors of 317303.
7, 45329
What are the prime factors of 1613238?
2, 3, 11, 24443
What are the prime factors of 10666213?
10666213
List the prime factors of 314081.
89, 3529
List the prime factors of 5686235.
5, 1137247
List the prime factors of 50355.
3, 5, 373
What are the prime factors of 86484?
2, 3, 7207
What are the prime factors of 1619902?
2, 19, 47, 907
What are the prime factors of 3610938?
2, 3, 601823
List the prime factors of 16761867.
3, 181, 30869
What are the prime factors of 1526359?
79, 139
What are the prime factors of 2234213?
41, 54493
List the prime factors of 23344679.
23344679
List the prime factors of 142126.
2, 179, 397
List the prime factors of 3266170.
2, 5, 326617
List the prime factors of 7018333.
7, 1002619
List the prime factors of 159600.
2, 3, 5, 7, 19
List the prime factors of 1983734.
2, 991867
List the prime factors of 804298.
2, 11, 36559
List the prime factors of 8448141.
3, 13, 19, 877
List the prime factors of 4731544.
2, 591443
List the prime factors of 617682.
2, 3, 13, 7919
What are the prime factors of 1237442?
2, 103, 6007
What are the prime factors of 1484797?
17, 167, 523
List the prime factors of 32733978.
2, 3, 1009, 5407
What are the prime factors of 220611?
3, 151, 487
List the prime factors of 3208513.
7, 11, 41669
List the prime factors of 103170.
2, 3, 5, 19, 181
List the prime factors of 23744149.
11, 13, 166043
List the prime factors of 5851563.
3, 19, 251, 409
What are the prime factors of 527588?
2, 41, 3217
What are the prime factors of 527334?
2, 3, 179, 491
List the prime factors of 2337154.
2, 61, 19157
List the prime factors of 303743.
11, 53, 521
List the prime factors of 47784.
2, 3, 11, 181
List the prime factors of 9628220.
2, 5, 7, 97, 709
List the prime factors of 327059